ime factors of 35270934?
2, 3, 5878489
What are the prime factors of 4785308494?
2, 37, 64666331
List the prime factors of 8181255.
3, 5, 37, 14741
List the prime factors of 220056972.
2, 3, 31, 43, 13757
List the prime factors of 79370163.
3, 19, 59, 7867
What are the prime factors of 1391498381?
7, 13, 15291191
What are the prime factors of 217584667?
47, 4629461
What are the prime factors of 2689200225?
3, 5, 11952001
What are the prime factors of 2522363622?
2, 3, 7583, 55439
What are the prime factors of 46486555?
5, 9297311
List the prime factors of 7884847662.
2, 3, 1097, 1197941
List the prime factors of 372094091.
372094091
What are the prime factors of 13035039?
3, 17, 255589
What are the prime factors of 1016646817?
37, 149, 184409
List the prime factors of 999377861.
17, 58786933
List the prime factors of 1243571357.
7, 177653051
What are the prime factors of 6544502?
2, 41, 79811
List the prime factors of 147033502.
2, 7, 11, 954763
What are the prime factors of 167226325?
5, 7, 29, 83, 397
What are the prime factors of 576472923?
3, 13, 1642373
List the prime factors of 41226805.
5, 1229, 6709
What are the prime factors of 254832439?
887, 287297
List the prime factors of 18167421.
3, 97, 149, 419
What are the prime factors of 47460439?
13, 73, 3847
List the prime factors of 156507597.
3, 1597, 10889
List the prime factors of 1624780102.
2, 11, 73853641
List the prime factors of 57339245.
5, 19, 71, 8501
List the prime factors of 3724089556.
2, 11, 47, 577, 3121
What are the prime factors of 14307384?
2, 3, 7, 13, 6551
List the prime factors of 301414291.
1877, 160583
What are the prime factors of 10838896?
2, 103, 6577
What are the prime factors of 11251785?
3, 5, 750119
List the prime factors of 111057695.
5, 7, 421, 7537
List the prime factors of 1199546088.
2, 3, 13, 227, 16937
List the prime factors of 14833780.
2, 5, 13, 59, 967
List the prime factors of 140887997.
367, 383891
List the prime factors of 126623212.
2, 31655803
What are the prime factors of 9478682?
2, 19, 249439
What are the prime factors of 5921139300?
2, 3, 5, 19737131
List the prime factors of 3418037956.
2, 854509489
List the prime factors of 4406159742.
2, 3, 734359957
List the prime factors of 493852253.
521, 947893
What are the prime factors of 308459859?
3, 61, 1685573
What are the prime factors of 42969325?
5, 7, 5011
What are the prime factors of 33242200?
2, 5, 71, 2341
What are the prime factors of 88712866?
2, 11, 4032403
What are the prime factors of 104248164?
2, 3, 31, 71, 3947
What are the prime factors of 239585854?
2, 73, 967, 1697
What are the prime factors of 72968020?
2, 5, 211, 17291
What are the prime factors of 950218800?
2, 3, 5, 791849
List the prime factors of 86559780.
2, 3, 5, 29, 49747
List the prime factors of 5070759011.
29, 71, 593, 4153
What are the prime factors of 948083079?
3, 37, 8541289
List the prime factors of 178233413.
178233413
What are the prime factors of 64934691?
3, 571, 37907
What are the prime factors of 3393315425?
5, 71, 463, 4129
List the prime factors of 11949970.
2, 5, 1194997
What are the prime factors of 486176696?
2, 439, 138433
What are the prime factors of 2703955733?
2703955733
List the prime factors of 2033677975.
5, 7, 11621017
What are the prime factors of 2663946498?
2, 3, 31, 37, 387089
What are the prime factors of 42202093?
3739, 11287
What are the prime factors of 313492613?
7, 44784659
List the prime factors of 129328251.
3, 13, 691, 4799
List the prime factors of 473880699.
3, 5850379
What are the prime factors of 324193773?
3, 397, 272203
List the prime factors of 173236592.
2, 71, 73, 2089
What are the prime factors of 127383438?
2, 3, 7, 13, 33329
List the prime factors of 81934072.
2, 11, 41, 22709
What are the prime factors of 920733131?
5711, 161221
What are the prime factors of 518777486?
2, 8093, 32051
List the prime factors of 401908776.
2, 3, 16746199
List the prime factors of 2079859414.
2, 197, 5278831
List the prime factors of 64418468.
2, 347, 46411
What are the prime factors of 277791583?
433, 641551
What are the prime factors of 290669971?
290669971
What are the prime factors of 34911575?
5, 271, 5153
What are the prime factors of 558060003?
3, 17, 163, 7459
List the prime factors of 2301608.
2, 287701
List the prime factors of 393285240.
2, 3, 5, 29, 433
What are the prime factors of 794282471?
794282471
What are the prime factors of 77932210?
2, 5, 457, 17053
What are the prime factors of 7115602275?
3, 5, 37, 41, 6949
What are the prime factors of 132685532?
2, 7, 676967
What are the prime factors of 73266062?
2, 36633031
List the prime factors of 67630895.
5, 13526179
List the prime factors of 2064039048.
2, 3, 349, 82141
What are the prime factors of 12153355?
5, 2430671
List the prime factors of 1542809595.
3, 5, 19, 53, 102139
List the prime factors of 555358464.
2, 3, 80347
List the prime factors of 3650519199.
3, 457, 2662669
List the prime factors of 3342325520.
2, 5, 2999, 13931
List the prime factors of 2685488376.
2, 3, 53, 73, 28921
What are the prime factors of 311744395?
5, 62348879
List the prime factors of 33933995.
5, 31, 37, 61, 97
What are the prime factors of 299621042?
2, 7, 37, 578419
What are the prime factors of 690856511?
19, 36360869
What are the prime factors of 603086457?
3, 307, 654817
What are the prime factors of 44916553?
11, 43, 94961
What are the prime factors of 338123327?
338123327
List the prime factors of 211458205.
5, 7, 23, 262681
What are the prime factors of 3115632971?
11, 283239361
List the prime factors of 533600920.
2, 5, 23, 580001
What are the prime factors of 371865878?
2, 185932939
List the prime factors of 127814955.
3, 5, 653, 13049
What are the prime factors of 2078211294?
2, 3, 31, 3724393
What are the prime factors of 2799804585?
3, 5, 59, 677, 4673
What are the prime factors of 9976748?
2, 19, 251, 523
List the prime factors of 2279237226.
2, 3, 7, 17, 19, 9883
What are the prime factors of 40297032?
2, 3, 359, 1559
List the prime factors of 3596201440.
2, 5, 13, 19, 90997
List the prime factors of 1971697508.
2, 11, 677, 66191
List the prime factors of 35806810.
2, 5, 13, 67, 4111
List the prime factors of 105264375.
3, 5, 31, 1811
What are the prime factors of 1346951994?
2, 3, 224491999
List the prime factors of 47427139.
2381, 19919
List the prime factors of 229349137.
73, 3141769
List the prime factors of 663884813.
131, 5067823
List the prime factors of 2773550292.
2, 3, 231129191
What are the prime factors of 111159586?
2, 55579793
What are the prime factors of 66446053?
179, 317, 1171
What are the prime factors of 67262724?
2, 3, 53, 3917
What are the prime factors of 180305131?
1493, 120767
What are the prime factors of 52915932?
2, 3, 1469887
What are the prime factors of 1486659491?
47, 1987, 15919
List the prime factors of 1531891508.
2, 7, 353, 3163
List the prime factors of 40161515.
5, 8032303
List the prime factors of 4957881.
3, 1652627
What are the prime factors of 317041250?
2, 5, 253633
List the prime factors of 1253612375.
5, 10028899
What are the prime factors of 1700717612?
2, 11, 23, 1680551
What are the prime factors of 102999754?
2, 11, 13, 2131
List the prime factors of 1281951527.
19, 67471133
What are the prime factors of 1536119745?
3, 5, 17, 23, 43, 6091
List the prime factors of 696175328.
2, 21755479
List the prime factors of 95997732.
2, 3, 7999811
What are the prime factors of 59180148?
2, 3, 1643893
What are the prime factors of 946671?
3, 11, 28687
What are the prime factors of 55411734?
2, 3, 7, 103, 12809
What are the prime factors of 8657519748?
2, 3, 239, 3018661
What are the prime factors of 100244459?
7, 199, 71963
What are the prime factors of 33151222?
2, 13, 139, 9173
What are the prime factors of 7956775877?
84509, 94153
List the prime factors of 69838274.
2, 11, 3174467
What are the prime factors of 795578401?
795578401
What are the prime factors of 395751379?
67, 5906737
What are the prime factors of 342455073?
3, 23, 229, 21673
What are the prime factors of 292855749?
3, 97618583
List the prime factors of 475980461.
11, 571, 75781
List the prime factors of 40773330.
2, 3, 5, 13, 34849
What are the prime factors of 402849256?
2, 50356157
What are the prime factors